{"id":76,"date":"2025-04-15T07:30:58","date_gmt":"2025-04-15T07:30:58","guid":{"rendered":"https:\/\/www.posuzovanishody.eu\/hlavni-strana\/?page_id=76"},"modified":"2025-04-15T08:00:33","modified_gmt":"2025-04-15T08:00:33","slug":"bezpecny-provoz","status":"publish","type":"page","link":"https:\/\/www.posuzovanishody.eu\/hlavni-strana\/bezpecny-provoz\/","title":{"rendered":"Bezpe\u010dn\u00fd provoz"},"content":{"rendered":"\n<p><strong>Z\u00e1kony a zase z\u00e1kony, k nim na\u0159\u00edzen\u00ed vl\u00e1dy, vyhl\u00e1\u0161ky, kontroln\u00ed \u0159\u00e1dy a nav\u00edc je\u0161t\u011b technick\u00e9 normy&#8230;.<\/strong><\/p>\n\n\n\n<p class=\"has-large-font-size\"><em>Pokud chcete m\u00edt jistotu, \u017ee pln\u00edte des\u00edtky, ne-li stovky po\u017eadavk\u016f na <strong>bezpe\u010dn\u00fd provoz stroj\u016f, technick\u00fdch za\u0159\u00edzen\u00ed, p\u0159\u00edstroj\u016f nebo n\u00e1\u0159ad\u00ed<\/strong>, je pot\u0159eba v\u011bnovat zv\u00fd\u0161enou pozornost zejm\u00e9na z\u00e1kon\u00edku pr\u00e1ce (z\u00e1kon \u010d. 262\/2006 Sb., v platn\u00e9m zn\u011bn\u00ed), na\u0159\u00edzen\u00ed vl\u00e1dy \u010d. 378\/2001 Sb., kter\u00fdm se stanov\u00ed bli\u017e\u0161\u00ed po\u017eadavky na bezpe\u010dn\u00fd provoz a pou\u017e\u00edv\u00e1n\u00ed stroj\u016f, technick\u00fdch za\u0159\u00edzen\u00ed, p\u0159\u00edstroj\u016f a n\u00e1\u0159ad\u00ed v platn\u00e9m zn\u011bn\u00ed a \u0159ad\u011b dal\u0161\u00edch legislativn\u00edch p\u0159edpis\u016f.<\/em><\/p>\n\n\n\n<p class=\"has-large-font-size\"><\/p>\n\n\n\n<figure class=\"wp-block-image size-full\"><img loading=\"lazy\" decoding=\"async\" width=\"1024\" height=\"1024\" src=\"https:\/\/www.posuzovanishody.eu\/wp-content\/uploads\/2025\/04\/image10.jpeg\" alt=\"\" class=\"wp-image-36\" srcset=\"https:\/\/www.posuzovanishody.eu\/wp-content\/uploads\/2025\/04\/image10.jpeg 1024w, https:\/\/www.posuzovanishody.eu\/wp-content\/uploads\/2025\/04\/image10-300x300.jpeg 300w, https:\/\/www.posuzovanishody.eu\/wp-content\/uploads\/2025\/04\/image10-150x150.jpeg 150w, https:\/\/www.posuzovanishody.eu\/wp-content\/uploads\/2025\/04\/image10-768x768.jpeg 768w\" sizes=\"auto, (max-width: 1024px) 100vw, 1024px\" \/><\/figure>\n","protected":false},"excerpt":{"rendered":"<p>Z\u00e1kony a zase z\u00e1kony, k nim na\u0159\u00edzen\u00ed vl\u00e1dy, vyhl\u00e1\u0161ky, kontroln\u00ed \u0159\u00e1dy a nav\u00edc je\u0161t\u011b technick\u00e9 normy&#8230;. Pokud chcete m\u00edt jistotu, \u017ee pln\u00edte des\u00edtky, ne-li stovky po\u017eadavk\u016f na bezpe\u010dn\u00fd provoz stroj\u016f, technick\u00fdch za\u0159\u00edzen\u00ed, p\u0159\u00edstroj\u016f nebo n\u00e1\u0159ad\u00ed, je pot\u0159eba v\u011bnovat zv\u00fd\u0161enou pozornost zejm\u00e9na z\u00e1kon\u00edku pr\u00e1ce (z\u00e1kon \u010d. 262\/2006 Sb., v platn\u00e9m zn\u011bn\u00ed), na\u0159\u00edzen\u00ed vl\u00e1dy \u010d. 378\/2001 Sb., [&hellip;]<\/p>\n","protected":false},"author":1,"featured_media":0,"parent":0,"menu_order":0,"comment_status":"closed","ping_status":"closed","template":"","meta":{"footnotes":""},"class_list":["post-76","page","type-page","status-publish","hentry"],"_links":{"self":[{"href":"https:\/\/www.posuzovanishody.eu\/hlavni-strana\/wp-json\/wp\/v2\/pages\/76","targetHints":{"allow":["GET"]}}],"collection":[{"href":"https:\/\/www.posuzovanishody.eu\/hlavni-strana\/wp-json\/wp\/v2\/pages"}],"about":[{"href":"https:\/\/www.posuzovanishody.eu\/hlavni-strana\/wp-json\/wp\/v2\/types\/page"}],"author":[{"embeddable":true,"href":"https:\/\/www.posuzovanishody.eu\/hlavni-strana\/wp-json\/wp\/v2\/users\/1"}],"replies":[{"embeddable":true,"href":"https:\/\/www.posuzovanishody.eu\/hlavni-strana\/wp-json\/wp\/v2\/comments?post=76"}],"version-history":[{"count":3,"href":"https:\/\/www.posuzovanishody.eu\/hlavni-strana\/wp-json\/wp\/v2\/pages\/76\/revisions"}],"predecessor-version":[{"id":98,"href":"https:\/\/www.posuzovanishody.eu\/hlavni-strana\/wp-json\/wp\/v2\/pages\/76\/revisions\/98"}],"wp:attachment":[{"href":"https:\/\/www.posuzovanishody.eu\/hlavni-strana\/wp-json\/wp\/v2\/media?parent=76"}],"curies":[{"name":"wp","href":"https:\/\/api.w.org\/{rel}","templated":true}]}}