{"id":72,"date":"2025-04-16T06:10:01","date_gmt":"2025-04-16T06:10:01","guid":{"rendered":"https:\/\/www.posuzovanishody.eu\/hlavni-strana\/?page_id=72"},"modified":"2025-04-16T06:17:18","modified_gmt":"2025-04-16T06:17:18","slug":"inspekce-a-kontroly","status":"publish","type":"page","link":"https:\/\/www.posuzovanishody.eu\/hlavni-strana\/inspekce-a-kontroly\/","title":{"rendered":"Inspekce a kontroly"},"content":{"rendered":"\n<p>Pro zji\u0161t\u011bn\u00ed skute\u010dn\u00e9ho stavu pln\u011bn\u00ed legislativn\u00edch a normativn\u00edch po\u017eadavk\u016f prov\u00e1d\u00edme technologick\u00fd audit.<\/p>\n\n\n\n<p><em>Porovn\u00e1me pro v\u00e1s skute\u010dn\u00fd stav technologick\u00fdch za\u0159\u00edzen\u00ed, stroj\u016f, elektrick\u00fdch \u010d\u00e1st\u00ed i dal\u0161\u00edch komponent s existuj\u00edc\u00ed a dostupnou dokumentac\u00ed a ov\u011b\u0159\u00edme relevantnost dokument\u016f i z\u00e1znam\u016f, kter\u00e9 z hlediska v\u00fdrobn\u00edho i provozn\u00edho vlastn\u00edte.<\/em><\/p>\n\n\n\n<p><em>Zpracujeme inspek\u010dn\u00ed z\u00e1znam, kter\u00fd m\u016f\u017ee slou\u017eit k n\u00e1prav\u011b zji\u0161t\u011bn\u00fdch nedostatk\u016f a k dosa\u017een\u00ed maxim\u00e1ln\u00ed mo\u017en\u00e9 shody va\u0161ich technick\u00fdch za\u0159\u00edzen\u00ed s po\u017eadavky legislativy a norem.<\/em><\/p>\n\n\n\n<figure class=\"wp-block-gallery has-nested-images columns-default is-cropped wp-block-gallery-1 is-layout-flex wp-block-gallery-is-layout-flex\">\n<figure class=\"wp-block-image size-large\"><img loading=\"lazy\" decoding=\"async\" width=\"1024\" height=\"1024\" data-id=\"117\" src=\"https:\/\/www.posuzovanishody.eu\/wp-content\/uploads\/2025\/04\/IMG_4813.jpg\" alt=\"\" class=\"wp-image-117\" srcset=\"https:\/\/www.posuzovanishody.eu\/wp-content\/uploads\/2025\/04\/IMG_4813.jpg 1024w, https:\/\/www.posuzovanishody.eu\/wp-content\/uploads\/2025\/04\/IMG_4813-300x300.jpg 300w, https:\/\/www.posuzovanishody.eu\/wp-content\/uploads\/2025\/04\/IMG_4813-150x150.jpg 150w, https:\/\/www.posuzovanishody.eu\/wp-content\/uploads\/2025\/04\/IMG_4813-768x768.jpg 768w\" sizes=\"auto, (max-width: 1024px) 100vw, 1024px\" \/><\/figure>\n\n\n\n<figure class=\"wp-block-image size-large\"><img loading=\"lazy\" decoding=\"async\" width=\"1024\" height=\"1024\" data-id=\"118\" src=\"https:\/\/www.posuzovanishody.eu\/wp-content\/uploads\/2025\/04\/IMG_4814.jpg\" alt=\"\" class=\"wp-image-118\" srcset=\"https:\/\/www.posuzovanishody.eu\/wp-content\/uploads\/2025\/04\/IMG_4814.jpg 1024w, https:\/\/www.posuzovanishody.eu\/wp-content\/uploads\/2025\/04\/IMG_4814-300x300.jpg 300w, https:\/\/www.posuzovanishody.eu\/wp-content\/uploads\/2025\/04\/IMG_4814-150x150.jpg 150w, https:\/\/www.posuzovanishody.eu\/wp-content\/uploads\/2025\/04\/IMG_4814-768x768.jpg 768w\" sizes=\"auto, (max-width: 1024px) 100vw, 1024px\" \/><\/figure>\n\n\n\n<figure class=\"wp-block-image size-large\"><img loading=\"lazy\" decoding=\"async\" width=\"1024\" height=\"1024\" data-id=\"114\" src=\"https:\/\/www.posuzovanishody.eu\/wp-content\/uploads\/2025\/04\/IMG_4810.jpg\" alt=\"\" class=\"wp-image-114\" srcset=\"https:\/\/www.posuzovanishody.eu\/wp-content\/uploads\/2025\/04\/IMG_4810.jpg 1024w, https:\/\/www.posuzovanishody.eu\/wp-content\/uploads\/2025\/04\/IMG_4810-300x300.jpg 300w, https:\/\/www.posuzovanishody.eu\/wp-content\/uploads\/2025\/04\/IMG_4810-150x150.jpg 150w, https:\/\/www.posuzovanishody.eu\/wp-content\/uploads\/2025\/04\/IMG_4810-768x768.jpg 768w\" sizes=\"auto, (max-width: 1024px) 100vw, 1024px\" \/><\/figure>\n\n\n\n<figure class=\"wp-block-image size-large\"><img loading=\"lazy\" decoding=\"async\" width=\"1024\" height=\"1024\" data-id=\"115\" src=\"https:\/\/www.posuzovanishody.eu\/wp-content\/uploads\/2025\/04\/IMG_4811.jpg\" alt=\"\" class=\"wp-image-115\" srcset=\"https:\/\/www.posuzovanishody.eu\/wp-content\/uploads\/2025\/04\/IMG_4811.jpg 1024w, https:\/\/www.posuzovanishody.eu\/wp-content\/uploads\/2025\/04\/IMG_4811-300x300.jpg 300w, https:\/\/www.posuzovanishody.eu\/wp-content\/uploads\/2025\/04\/IMG_4811-150x150.jpg 150w, https:\/\/www.posuzovanishody.eu\/wp-content\/uploads\/2025\/04\/IMG_4811-768x768.jpg 768w\" sizes=\"auto, (max-width: 1024px) 100vw, 1024px\" \/><\/figure>\n\n\n\n<figure class=\"wp-block-image size-large\"><img loading=\"lazy\" decoding=\"async\" width=\"1024\" height=\"1024\" data-id=\"116\" src=\"https:\/\/www.posuzovanishody.eu\/wp-content\/uploads\/2025\/04\/IMG_4812.jpg\" alt=\"\" class=\"wp-image-116\" srcset=\"https:\/\/www.posuzovanishody.eu\/wp-content\/uploads\/2025\/04\/IMG_4812.jpg 1024w, https:\/\/www.posuzovanishody.eu\/wp-content\/uploads\/2025\/04\/IMG_4812-300x300.jpg 300w, https:\/\/www.posuzovanishody.eu\/wp-content\/uploads\/2025\/04\/IMG_4812-150x150.jpg 150w, https:\/\/www.posuzovanishody.eu\/wp-content\/uploads\/2025\/04\/IMG_4812-768x768.jpg 768w\" sizes=\"auto, (max-width: 1024px) 100vw, 1024px\" \/><\/figure>\n\n\n\n<figure class=\"wp-block-image size-large\"><img loading=\"lazy\" decoding=\"async\" width=\"1024\" height=\"1024\" data-id=\"113\" src=\"https:\/\/www.posuzovanishody.eu\/wp-content\/uploads\/2025\/04\/IMG_4809.jpg\" alt=\"\" class=\"wp-image-113\" srcset=\"https:\/\/www.posuzovanishody.eu\/wp-content\/uploads\/2025\/04\/IMG_4809.jpg 1024w, https:\/\/www.posuzovanishody.eu\/wp-content\/uploads\/2025\/04\/IMG_4809-300x300.jpg 300w, https:\/\/www.posuzovanishody.eu\/wp-content\/uploads\/2025\/04\/IMG_4809-150x150.jpg 150w, https:\/\/www.posuzovanishody.eu\/wp-content\/uploads\/2025\/04\/IMG_4809-768x768.jpg 768w\" sizes=\"auto, (max-width: 1024px) 100vw, 1024px\" \/><\/figure>\n<\/figure>\n","protected":false},"excerpt":{"rendered":"<p>Pro zji\u0161t\u011bn\u00ed skute\u010dn\u00e9ho stavu pln\u011bn\u00ed legislativn\u00edch a normativn\u00edch po\u017eadavk\u016f prov\u00e1d\u00edme technologick\u00fd audit. Porovn\u00e1me pro v\u00e1s skute\u010dn\u00fd stav technologick\u00fdch za\u0159\u00edzen\u00ed, stroj\u016f, elektrick\u00fdch \u010d\u00e1st\u00ed i dal\u0161\u00edch komponent s existuj\u00edc\u00ed a dostupnou dokumentac\u00ed a ov\u011b\u0159\u00edme relevantnost dokument\u016f i z\u00e1znam\u016f, kter\u00e9 z hlediska v\u00fdrobn\u00edho i provozn\u00edho vlastn\u00edte. Zpracujeme inspek\u010dn\u00ed z\u00e1znam, kter\u00fd m\u016f\u017ee slou\u017eit k n\u00e1prav\u011b zji\u0161t\u011bn\u00fdch nedostatk\u016f a k [&hellip;]<\/p>\n","protected":false},"author":1,"featured_media":0,"parent":0,"menu_order":0,"comment_status":"closed","ping_status":"closed","template":"","meta":{"footnotes":""},"class_list":["post-72","page","type-page","status-publish","hentry"],"_links":{"self":[{"href":"https:\/\/www.posuzovanishody.eu\/hlavni-strana\/wp-json\/wp\/v2\/pages\/72","targetHints":{"allow":["GET"]}}],"collection":[{"href":"https:\/\/www.posuzovanishody.eu\/hlavni-strana\/wp-json\/wp\/v2\/pages"}],"about":[{"href":"https:\/\/www.posuzovanishody.eu\/hlavni-strana\/wp-json\/wp\/v2\/types\/page"}],"author":[{"embeddable":true,"href":"https:\/\/www.posuzovanishody.eu\/hlavni-strana\/wp-json\/wp\/v2\/users\/1"}],"replies":[{"embeddable":true,"href":"https:\/\/www.posuzovanishody.eu\/hlavni-strana\/wp-json\/wp\/v2\/comments?post=72"}],"version-history":[{"count":3,"href":"https:\/\/www.posuzovanishody.eu\/hlavni-strana\/wp-json\/wp\/v2\/pages\/72\/revisions"}],"predecessor-version":[{"id":119,"href":"https:\/\/www.posuzovanishody.eu\/hlavni-strana\/wp-json\/wp\/v2\/pages\/72\/revisions\/119"}],"wp:attachment":[{"href":"https:\/\/www.posuzovanishody.eu\/hlavni-strana\/wp-json\/wp\/v2\/media?parent=72"}],"curies":[{"name":"wp","href":"https:\/\/api.w.org\/{rel}","templated":true}]}}