{"id":66,"date":"2025-04-16T08:34:45","date_gmt":"2025-04-16T08:34:45","guid":{"rendered":"https:\/\/www.posuzovanishody.eu\/hlavni-strana\/?page_id=66"},"modified":"2025-04-16T08:34:45","modified_gmt":"2025-04-16T08:34:45","slug":"shoda-stroje","status":"publish","type":"page","link":"https:\/\/www.posuzovanishody.eu\/hlavni-strana\/shoda-stroje\/","title":{"rendered":"Shoda stroje"},"content":{"rendered":"\n<p>Spadaj\u00ed va\u0161e v\u00fdrobky do kategorie stanoven\u00fdch (harmonizovan\u00fdch) v\u00fdrobk\u016f?<\/p>\n\n\n\n<p><em>To spole\u010dn\u011b zjist\u00edme podle p\u0159\u00edslu\u0161n\u00fdch legislativn\u00edch p\u0159edpis\u016f Evropsk\u00e9 unie, tj. sm\u011brnic nebo na\u0159\u00edzen\u00ed.<\/em><\/p>\n\n\n\n<p><em>Typick\u00fdmi p\u0159\u00edklady jsou strojn\u00ed za\u0159\u00edzen\u00ed, elektrick\u00e1 za\u0159\u00edzen\u00ed, p\u0159epraviteln\u00e1 tlakov\u00e1 za\u0159\u00edzen\u00ed, jednoduch\u00e9 tlakov\u00e9 n\u00e1doby, r\u00e1diov\u00e1 za\u0159\u00edzen\u00ed, ale i hra\u010dky a dal\u0161\u00ed produkty.<\/em><\/p>\n\n\n\n<p><em>V jednotliv\u00fdch pr\u00e1vn\u00edch p\u0159edpisech jsou stanoveny z\u00e1kladn\u00ed po\u017eadavky tak, aby  byla zaji\u0161t\u011bna ochrana zdrav\u00ed a bezpe\u010dnost. <\/em><\/p>\n\n\n\n<p><em>V\u0161echny stanoven\u00e9 v\u00fdrobky mus\u00ed b\u00fdt v\u00fdrobcem ozna\u010deny <a href=\"https:\/\/www.posuzovanishody.eu\/hlavni-strana\/oznaceni-stroje\/\" data-type=\"page\" data-id=\"63\">zna\u010dkou shody CE<\/a>, kter\u00e1 jim n\u00e1sledn\u011b umo\u017en\u00ed voln\u00fd pohyb zbo\u017e\u00ed na trhu EU.<\/em><\/p>\n","protected":false},"excerpt":{"rendered":"<p>Spadaj\u00ed va\u0161e v\u00fdrobky do kategorie stanoven\u00fdch (harmonizovan\u00fdch) v\u00fdrobk\u016f? To spole\u010dn\u011b zjist\u00edme podle p\u0159\u00edslu\u0161n\u00fdch legislativn\u00edch p\u0159edpis\u016f Evropsk\u00e9 unie, tj. sm\u011brnic nebo na\u0159\u00edzen\u00ed. Typick\u00fdmi p\u0159\u00edklady jsou strojn\u00ed za\u0159\u00edzen\u00ed, elektrick\u00e1 za\u0159\u00edzen\u00ed, p\u0159epraviteln\u00e1 tlakov\u00e1 za\u0159\u00edzen\u00ed, jednoduch\u00e9 tlakov\u00e9 n\u00e1doby, r\u00e1diov\u00e1 za\u0159\u00edzen\u00ed, ale i hra\u010dky a dal\u0161\u00ed produkty. V jednotliv\u00fdch pr\u00e1vn\u00edch p\u0159edpisech jsou stanoveny z\u00e1kladn\u00ed po\u017eadavky tak, aby byla zaji\u0161t\u011bna ochrana [&hellip;]<\/p>\n","protected":false},"author":1,"featured_media":0,"parent":0,"menu_order":0,"comment_status":"closed","ping_status":"closed","template":"","meta":{"footnotes":""},"class_list":["post-66","page","type-page","status-publish","hentry"],"_links":{"self":[{"href":"https:\/\/www.posuzovanishody.eu\/hlavni-strana\/wp-json\/wp\/v2\/pages\/66","targetHints":{"allow":["GET"]}}],"collection":[{"href":"https:\/\/www.posuzovanishody.eu\/hlavni-strana\/wp-json\/wp\/v2\/pages"}],"about":[{"href":"https:\/\/www.posuzovanishody.eu\/hlavni-strana\/wp-json\/wp\/v2\/types\/page"}],"author":[{"embeddable":true,"href":"https:\/\/www.posuzovanishody.eu\/hlavni-strana\/wp-json\/wp\/v2\/users\/1"}],"replies":[{"embeddable":true,"href":"https:\/\/www.posuzovanishody.eu\/hlavni-strana\/wp-json\/wp\/v2\/comments?post=66"}],"version-history":[{"count":2,"href":"https:\/\/www.posuzovanishody.eu\/hlavni-strana\/wp-json\/wp\/v2\/pages\/66\/revisions"}],"predecessor-version":[{"id":143,"href":"https:\/\/www.posuzovanishody.eu\/hlavni-strana\/wp-json\/wp\/v2\/pages\/66\/revisions\/143"}],"wp:attachment":[{"href":"https:\/\/www.posuzovanishody.eu\/hlavni-strana\/wp-json\/wp\/v2\/media?parent=66"}],"curies":[{"name":"wp","href":"https:\/\/api.w.org\/{rel}","templated":true}]}}